 8?
-75303
What is -10599a (base 14) in base 2?
-10000111000111100100
What is -43670 (base 8) in base 10?
-18360
What is -270648 (base 9) in base 4?
-220023023
Convert 16163346 (base 7) to base 14.
2c9296
What is a1199 (base 11) in base 8?
441002
What is 221102233 (base 4) in base 12?
81a67
What is -1045615 (base 9) in base 16?
-892a6
What is 19540 (base 16) in base 6?
2120144
Convert 5d03 (base 16) to base 9.
35586
21b92 (base 15) to base 3
12110002202
Convert 100000011111111011100 (base 2) to base 10.
1064924
-56923 (base 10) to base 5
-3310143
Convert -212223210233 (base 4) to base 13.
-2140493
What is 420a7 (base 14) in base 8?
467103
What is 111100112001 (base 3) in base 6?
5344431
What is aaa76 (base 14) in base 4?
1210333200
Convert -21210102 (base 4) to base 12.
-1a816
What is 1437b51 (base 12) in base 7?
46325515
184321a (base 11) to base 8
13723145
What is -7325136 (base 8) in base 5?
-444203113
-121023001001 (base 4) to base 13
-14a068c
What is 101011101000110010110 (base 2) in base 12?
58b5b2
1b6276 (base 12) to base 5
111101144
Convert 11721192 (base 10) to base 6.
1055120440
-160741 (base 8) to base 2
-1110000111100001
Convert -132013113 (base 4) to base 3.
-20021012120
What is -10010111010111010 (base 2) in base 13?
-29375
Convert 2244006 (base 8) to base 9.
1126336
Convert 30646043 (base 8) to base 3.
110020121200120
Convert -472300 (base 9) to base 6.
-10030000
What is 11641 (base 10) in base 12?
68a1
100200222012200 (base 3) to base 15
6bcc30
-2bc9c (base 15) to base 9
-234643
-624378 (base 11) to base 14
-1c0cda
-53514213 (base 6) to base 8
-6017341
What is -72a76 (base 12) in base 15?
-2e743
Convert 11313211200 (base 4) to base 16.
177960
6052b (base 13) to base 5
21002443
What is -10100001101000 (base 2) in base 13?
-4929
-ae3eeb (base 15) to base 10
-8315996
-14b41b4 (base 14) to base 11
-5789397
Convert 122324014 (base 5) to base 3.
1002221022102
-1a0f4 (base 16) to base 7
-623124
Convert -36846 (base 11) to base 4.
-30322333
What is -55ee5 (base 15) in base 5?
-32221430
10322203012 (base 4) to base 7
13644145
100010111010010 (base 2) to base 5
1032444
What is 121202200010 (base 3) in base 15?
67b9c
-114355630 (base 7) to base 14
-d35dc0
Convert 175cec (base 15) to base 5.
242233142
-21022000101 (base 3) to base 12
-6b147
302519 (base 10) to base 5
34140034
-103b0a (base 14) to base 2
-10000101110101111110
Convert 12434010 (base 5) to base 9.
208401
3901421 (base 10) to base 3
21100012202002
What is -58885a0 (base 11) in base 16?
-9cc790
What is 30435245 (base 6) in base 15?
12483b
What is 8999dd (base 15) in base 5?
3140010413
Convert -30426107 (base 8) to base 4.
-120202301013
What is -7442239 (base 10) in base 13?
-17075bc
-10240101 (base 5) to base 4
-111031311
19711a (base 12) to base 4
1231103212
-14243201 (base 6) to base 7
-4101535
113127 (base 11) to base 7
1346205
Convert -3121313022 (base 4) to base 2.
-11011001110111001010
What is 463576 (base 8) in base 10?
157566
Convert 1201022000 (base 4) to base 16.
61280
-1c8b4c (base 16) to base 6
-104032300
What is -7a72995 (base 11) in base 16?
-d76b93
-459305 (base 14) to base 11
-1378682
-134262136 (base 7) to base 6
-511351304
Convert -11323300223 (base 4) to base 8.
-5736053
Convert 1233242 (base 10) to base 11.
77260a
What is -165177 (base 9) in base 8?
-307503
-3314240 (base 7) to base 5
-101013032
What is 1241896 (base 12) in base 2?
1101100111011110110010
What is -21650251 (base 7) in base 3?
-10112101202001
What is 662350 (base 7) in base 2?
11100010110010100
Convert 210766 (base 9) to base 13.
45045
-1e45 (base 15) to base 5
-202330
What is 13011110110 (base 4) in base 14?
36495a
Convert -255230250 (base 6) to base 14.
-946610
-bb79a6 (base 12) to base 10
-2978766
What is -3259b22 (base 13) in base 3?
-1001221202122121
What is -1ad3c (base 16) in base 7?
-635235
Convert -122210201311 (base 4) to base 14.
-cd4581
Convert 200aaa4 (base 11) to base 5.
1402322011
What is 1770819 (base 10) in base 9?
3288086
Convert -1c4909 (base 14) to base 9.
-1811541
What is -3423110412 (base 5) in base 2?
-11101000110100000111001
Convert 12bd5c (base 16) to base 14.
23d7d2
-130123203 (base 4) to base 2
-11100011011100011
Convert -13625501 (base 9) to base 10.
-6748759
Convert 71183 (base 11) to base 2.
11001011001011110
What is 13200322132 (base 4) in base 8?
7407236
What is 587841 (base 14) in base 12?
1016141
Convert 357ba (base 14) to base 11.
8a060
Convert 1713138 (base 9) to base 4.
3220310300
What is 4087888 (base 9) in base 2?
1000010101001110010011
What is -232be (base 15) in base 9?
-180568
What is -165a5 (base 12) in base 13?
-11708
What is -10177aa (base 12) in base 13?
-819772
What is 916ba (base 13) in base 16?
3f93d
What is -14147127 (base 8) in base 3?
-20000111120212
595b6 (base 12) to base 15
258b0
What is 300332111 (base 4) in base 12?
98105
What is -1140b0 (base 14) in base 7?
-4664310
What is 10a40b (base 12) in base 16?
411cb
What is 3400053 (base 6) in base 12?
83029
What is 64104533 (base 7) in base 3?
101012212222022
-160604622 (base 7) to base 13
-2315916
Convert 1853333 (base 13) to base 6.
442200042
What is a300c (base 14) in base 7?
3223015
Convert -51b6 (base 12) to base 16.
-22da
Convert 64560 (base 11) to base 12.
46381
Convert 431241210 (base 5) to base 4.
12330223312
Convert -300012223 (base 4) to base 6.
-4120111
What is -13301042 (base 5) in base 2?
-100000110101111010
What is 110100001101011010100001 (base 2) in base 5?
12000431213
21a17 (base 15) to base 10
106897
What is -221152 (base 6) in base 10?
-18428
Convert cc884 (base 13) to base 6.
11535312
Convert 5125031 (base 7) to base 11.
388552
Convert 3b3707 (base 16) to base 2.
1110110011011100000111
What is 235142 (base 7) in base 9?
64405
What is -10101100100100010011000 (base 2) in base 14?
-a72a5a
What is -24320055 (base 7) in base 5?
-1024013240
What is -3001131111 (base 4) in base 7?
-6510135
What is -1330424 (base 15) in base 10?
-13821559
What is -4101411 (base 6) in base 12?
-94867
-11b5a10 (base 15) to base 16
-c22eff
What is -1d2279 (base 14) in base 5?
-231340334
What is 1114714 (base 8) in base 7?
2364025
-1b6a67 (base 14) to base 7
-11214660
Convert 300441 (base 5) to base 14.
3664
Convert -10202203322 (base 4) to base 12.
-4948a2
Convert 261829 (base 13) to base 16.
e0020
Convert -146406230 (base 7) to base 5.
-10004144042
What is -1000010011101001010010 (base 2) in base 11?
-1258093
35003444 (base 6) to base 10
1073908
What is -10111111000101000110111 (base 2) in base 13?
-13b2c19
Convert -1018b7 (base 12) to base 14.
-67ad5
What is c6cc8 (base 13) in base 8?
1273332
What is -8076a (base 12) in base 10?
-166978
Convert -1804c0 (base 13) to base 3.
-1010111212221
What is -12da (base 14) in base 5?
-101303
-502503 (base 12) to base 16
-130c53
Convert -121331313323 (base 4) to base 16.
-67ddfb
What is -21545010 (base 6) in base 9?
-1202836
-5216645 (base 7) to base 13
-18c2c6
-2456a (base 15) to base 4
-130110013
Convert -233210 (base 6) to base 7.
-112536
What is -25869 (base 12) in base 15?
-10330
10546 (base 10) to base 7
42514
What is -2205422 (base 8) in base 10?
-592658
Convert -13a4414 (base 12) to base 11.
-2256775
What is -1001010011111 (base 2) in base 13?
-2229
What is -127367 (base 11) in base 12?
-9795a
265 (base 16) to base 12
431
Convert 10010011010110101100010 (base 2) to base 3.
100002022110212
-1571878 (base 9) to base 10
-874061
Convert 2164b (base 13) to base 11.
41416
Convert 1101101100000111111111 (base 2) to base 15.
4ad457
1435882 (base 11) to base 15
33b136
What is 94ee5 (base 15) in base 14?
c4294
1000110100010010101001 (base 2) to base 12
9356b5
Convert 660724 (base 9) to base 7.
3231262
-12100441 (base 6) to base 15
-77e2d
Convert 139d19 (base 16) to base 15.
1a5cd6
What is -e612e (base 15) in base 8?
-2620265
What is 220034 (base 8) in base 14?
1cc44
4276a (base 15) to base 8
633755
What is 10111010111110000110101 (base 2) in base 4?
113113300311
What is 110111001221200 (base 3) in base 11?
3821739
Convert -253242 (base 9) to base 10.
-153290
Convert 1000010010101000100 (base 2) to base 14.
71020
Convert -132333321 (base 4) to base 11.
-87437
Convert -17c406d (base 14) to base 5.
-11003010434
Convert 35433 (base 12) to base 14.
1c087
What is